or of x and 78.
13
Suppose 5*q = -3 - 12. Let n(r) = -8*r - 4. Let i be n(q). What is the greatest common factor of 50 and i?
10
Let u be 9/(-6)*(-102 - 0). Suppose b - u = 3*z, 3*z - 159 = -b + 8*z. What is the highest common divisor of 18 and b?
18
Let b be 3 + 3 + 1 + -3. Calculate the highest common factor of 12 and b.
4
Let v = 87 + -49. Calculate the highest common divisor of 95 and v.
19
Suppose 5*i + g - 178 = -2*g, 5*i + 4*g - 179 = 0. Let z be (-20)/i - (-302)/14. Calculate the greatest common divisor of 7 and z.
7
Let w(h) = 3*h + 4. Let x be w(-6). Let m(y) = -y**3 - 14*y**2 - 2*y - 18. Let l be m(x). What is the highest common factor of 50 and l?
10
Let o be (-4)/(-14) + 600/56. Calculate the highest common factor of 33 and o.
11
Let k(l) = l**2 - l - 17. Let o be k(0). Let t = 28 + o. Let g be 2/((-64)/33 + 2). What is the greatest common divisor of g and t?
11
Let d be (2/5)/((8/500)/2). What is the highest common divisor of 20 and d?
10
Let t(s) = -s - 4. Let i be t(-4). Let a = i - -10. Calculate the highest common factor of a and 10.
10
Suppose -3*a - 70 = -5*v, -a = -v + 10 + 6. What is the highest common divisor of v and 88?
11
Let z = 5 - 1. Suppose z = q + q. Let c be (-268)/(-12) - 1/3. What is the greatest common divisor of c and q?
2
Let r = 52 + -37. Calculate the highest common factor of r and 165.
15
Let y = 58 - 3. Suppose -3*n + 4 = -11. What is the greatest common divisor of n and y?
5
Suppose 4*g + 19 = 7. Let o(q) be the third derivative of q**5/60 - q**4/12 - q**3/3 + q**2. Let c be o(g). What is the highest common divisor of 13 and c?
13
Let i be 1/4 - (-220)/16. Calculate the greatest common divisor of 21 and i.
7
Let o be 12 + 3/6*-4. Let i = 20 + o. Calculate the greatest common divisor of 10 and i.
10
Suppose 14*o - 306 = 8*o. Calculate the greatest common factor of 3 and o.
3
Let h be (-4)/(-7) - ((-908)/(-28))/(-1). What is the greatest common factor of 99 and h?
33
Let c be (-31)/(-1) - (-22 + 18). Calculate the greatest common factor of c and 5.
5
Suppose -3*a + 7*a = 160. What is the greatest common factor of 10 and a?
10
Let k be 97/6 + 1/(-6). Let y(f) = 3*f**2 - 3*f + 2. Let u be y(-6). Calculate the greatest common factor of k and u.
16
Let w = 56 + -46. Calculate the highest common factor of w and 25.
5
Let l = 5 + -2. Let k be 0 + (-18)/(0 - 2). What is the highest common divisor of k and l?
3
Let r = -62 + 65. Calculate the highest common divisor of 3 and r.
3
Let q be 36 - (-3*4)/(-4). Suppose 5*w + 5*z - 125 = 0, -w = 3*w + 3*z - 97. What is the highest common factor of q and w?
11
Let m = 7 - 8. Let f be ((-14)/(-8))/(m/(-48)). Calculate the highest common factor of f and 12.
12
Let v = 0 + 1. What is the greatest common factor of 2 and v?
1
Suppose 120 = 5*a + 3*a. Let h(w) = 2*w**2 - 5*w + 6. Let v be h(5). Let y = v + -1. What is the greatest common divisor of a and y?
15
Let o be 26/(3 - 15/6). Suppose 0*u - 10 = -5*u. Suppose 5*q = y + 2*y - 32, o = 4*y - u*q. Calculate the highest common factor of 7 and y.
7
Let a be (-34)/(-2) - 0/10. Let v(l) = 7*l**3 - l**2 + 2*l + 1. Let g be v(3). Calculate the greatest common factor of g and a.
17
Let a(k) = -k**2 + 1. Let n be a(-1). Suppose n = p - 0*p - 11. Calculate the greatest common divisor of 44 and p.
11
Suppose -5*v + 21 = -b, 2*b + b - 7 = v. Suppose -2*q = -v*a - 95, -3*a = -q - q + 105. Calculate the highest common divisor of q and 20.
20
Let m(p) = p**2 - 7*p + 7. Let q be m(7). Suppose 3*k - q*n + 2 = -2*n, -5*k + 34 = n. Suppose 52 = 5*f + 22. Calculate the highest common factor of k and f.
6
Let p = 8 + -6. Suppose -16 + 0 = -p*v. What is the greatest common divisor of v and 88?
8
Suppose 13 + 9 = k + 3*z, 0 = -3*z. Calculate the greatest common divisor of k and 11.
11
Let a(c) = -22*c - 18. Let w be a(-3). Calculate the highest common factor of w and 12.
12
Let s = -198 - -218. Suppose -8*r - 4*f + 984 = -3*r, 3*r = f + 604. Calculate the highest common divisor of s and r.
20
Let x(v) = 4*v**2 + 4*v - 4. Let r be x(2). What is the highest common factor of 140 and r?
20
Suppose -2*s + s + 29 = x, 66 = 2*s + 4*x. Calculate the highest common divisor of 25 and s.
25
Let g(x) = x**3 - 2*x**2 + 4*x - 8. Let p be g(3). What is the greatest common factor of p and 156?
13
Suppose -2*h = 3*h - 235. Suppose -h = -c + 61. What is the highest common factor of c and 12?
12
Suppose -79 + 59 = -q. What is the greatest common factor of 110 and q?
10
Let r(a) = a**3 + 7*a**2 + 3*a + 1. Let i be r(-6). Let u = i + -5. Let o = -10 + 17. What is the highest common factor of u and o?
7
Suppose -2*c + 103 = 2*c - 5*a, -5*c + 3*a + 119 = 0. What is the greatest common divisor of 99 and c?
11
Let d(k) = 14*k + 6. Let a be (-10)/25*(-15 - 0). Let r be d(a). What is the highest common factor of 10 and r?
10
Let p = 7 - -1. Suppose -2*j = -3*c - 176, -4*j - c - 89 = -5*j. Suppose 0 = 2*u - 21 - j. What is the greatest common factor of p and u?
8
Let g(r) = 2*r**2 - r - 1. Let z be g(-1). Suppose i - 6 = z. Calculate the highest common divisor of i and 40.
8
Suppose 115*v = 121*v - 204. Calculate the greatest common factor of v and 238.
34
Suppose -2*l = -z + 22, -4*z + 185 - 64 = 3*l. What is the highest common divisor of 4 and z?
4
Suppose -j + 27 = 7. What is the greatest common divisor of 4 and j?
4
Let k be 1/(3/(-2))*-9. Let m be (-30)/(-20) + (-105)/(-2). Calculate the greatest common divisor of k and m.
6
Suppose -5*p + 3*r + 1 = 3, -4*p - 12 = -5*r. Suppose 0 = 2*y - 10, -2*k - p*y + 8 + 14 = 0. Let j = k + 2. Calculate the highest common factor of j and 12.
4
Let g(m) = m + 1. Let n be g(1). Suppose -4*p = -6*s + s + 2, -s + 2*p - n = 0. Suppose -37 - 11 = -3*v. What is the highest common divisor of s and v?
2
Let j be 80/(-3)*(-288)/40. What is the highest common divisor of 24 and j?
24
Suppose 21*b = 40*b - 931. Let w(k) = 4*k - 3. Let l(a) = -9*a + 6. Let r(z) = -3*l(z) - 7*w(z). Let j be r(-4). What is the highest common factor of j and b?
7
Suppose 0*u + v = 5*u - 2220, 4*v = 2*u - 870. Let q be (-1)/(-3) - u/(-15). Calculate the highest common divisor of q and 10.
10
Suppose 0 = -5*p + a + 479, -a = -3*a + 2. Suppose 3*l = p + 102. Calculate the greatest common divisor of l and 6.
6
Let v = -4 - -1. Let x be 0 - 1 - (v + 1). Suppose 0 = 4*r - 5 + 1. Calculate the greatest common divisor of x and r.
1
Let y(h) be the third derivative of -h**4/24 - 7*h**3/6 + 2*h**2. Let x be y(-5). Let b be 14 - (2 + x - -1). What is the highest common factor of b and 13?
13
Suppose 0 = -3*g, 5*g + 25 = -3*r + 91. Calculate the highest common divisor of 33 and r.
11
Suppose 0 = -4*t + 630 - 54. Let z = t + -44. Suppose 20 = 3*i - z. What is the greatest common divisor of 16 and i?
8
Suppose 0 = 4*x - 5*x + 103. Let v = -31 + x. Calculate the greatest common factor of 8 and v.
8
Suppose y - 4*y = 4*r - 27, -5*r - 41 = -2*y. Let x(l) = 18*l - 151. Let k be x(12). Calculate the greatest common divisor of k and y.
13
Let s be 29/(-4 + (-54)/(-12)). Calculate the highest common divisor of 232 and s.
58
Suppose -4*n - 5*o + 239 = 0, -3*o - 348 = -5*n - 77. Suppose 5*p - 136 = -g, -p = -5*p - 2*g + 104. Calculate the highest common divisor of n and p.
28
Let o = -2 - -11. Calculate the greatest common divisor of o and 3.
3
Suppose 2*k + 45 = 7*k. What is the greatest common divisor of k and 99?
9
Suppose 2*t + 0*t - 24 = 0. Calculate the highest common divisor of t and 30.
6
Let t = -6 - -7. Calculate the highest common divisor of t and 2.
1
Let i = 23 - 10. Calculate the greatest common factor of i and 104.
13
Suppose 3*g = -225 - 321. Let r = 358 + g. Let s(t) = t**2 + 7*t + 8. Let l be s(-8). Calculate the greatest common divisor of r and l.
16
Let f(g) = 5 - 5 + g + 7*g. Let w be f(3). Calculate the greatest common factor of w and 16.
8
Let m(q) = 2*q**2 - q - 1. Let g be m(-3). Let n be -1 - (-45)/25 - (-292)/10. Calculate the highest common factor of n and g.
10
Let s = 2 - -4. Let r = 60 - 42. Calculate the highest common factor of s and r.
6
Let n = 55 - 39. What is the greatest common factor of n and 40?
8
Suppose 0 = -b + 3*g, 0 = 2*g - 0*g - 10. Let w = 4 + -3. Suppose 3 = -3*t, -2*l + 2*t = -9 + w. What is the greatest common divisor of b and l?
3